07, 111 = 2*a + 3*j. What is the highest common divisor of a and 102?
51
Let p = -10 + 16. Suppose -5*k + p*k - 15 = 0. Calculate the highest common divisor of 3 and k.
3
Suppose 4*o = -o + 95. Calculate the greatest common divisor of o and 57.
19
Let v(n) = -n**3 + 5*n**2. Let k be v(4). Suppose 0 = 4*f + w - 324, f - w - 54 - 22 = 0. What is the greatest common divisor of k and f?
16
Let t = 517 - 341. Let v(w) = -w**3 + 9*w**2 + 10*w + 22. Let d be v(10). Calculate the highest common factor of d and t.
22
Let k be (-3 - -4)*(1 - -3). Suppose i - 49 = -f, 2*f + 5*i = k*i + 94. Let p = -15 + f. Calculate the highest common factor of p and 6.
6
Let d = 71 + -46. Suppose -32 - 49 = -3*o. Suppose -23 = -5*m + o. Calculate the highest common divisor of m and d.
5
Let l(h) = -2*h**3 - h - 1. Let i be l(-1). Suppose 0 = 2*b - b + 4*t + i, 3*b = -5*t + 15. What is the greatest common factor of b and 4?
2
Let r(p) = -p - 1. Let d be r(0). Let l be (-2)/1 + 18 + d. Let z be (1 - (0 + 0))*60. Calculate the greatest common factor of l and z.
15
Let h(n) = -5*n - 1. Let a be h(-1). Suppose -84 = -j + 4*j - 3*r, 0 = -a*j + 2*r - 102. Let q = 43 + j. Calculate the greatest common factor of 5 and q.
5
Suppose u + u = 110. Suppose 5*w - 95 = -5*k, -w + 4*w = -k + u. What is the highest common divisor of 6 and w?
6
Let t(z) = -z + 7. Let r be t(5). Suppose -16 + 5 = l + 2*j, l - 2*j - 1 = 0. Let c be ((-6)/(-10))/((-1)/l). Calculate the greatest common divisor of r and c.
1
Suppose x = 2*x - 84. Let f = -20 + x. Calculate the highest common divisor of f and 8.
8
Let p be (-5)/((-80)/12)*20 + -3. Calculate the greatest common divisor of 156 and p.
12
Let z(i) = i**3 - 5*i**2. Let h be z(6). Calculate the greatest common factor of h and 24.
12
Let c be -2 - (-4 + -3 + -5). Calculate the highest common divisor of c and 2.
2
Let w(h) = h**3 - 16*h**2 + h + 31. Let x be w(16). Calculate the highest common factor of 47 and x.
47
Let g = -21 + 40. Calculate the greatest common divisor of 76 and g.
19
Let d(f) = f**2 + 6*f + 6. Suppose 0 = 3*v + 2*o + 18, -v + o = -4*o + 6. Let a be d(v). What is the highest common factor of a and 42?
6
Suppose c + 0*c = 60. Suppose -270 = -3*a - c. What is the highest common divisor of 10 and a?
10
Suppose 142 = 4*q - 218. Let l be (-108)/(-14)*(-3)/(36/(-56)). Calculate the highest common divisor of l and q.
18
Suppose -4*n + 51 = -93. Let v be 2/2*14 - (10 + -8). What is the highest common factor of n and v?
12
Let j be (0 - -1)/((-2)/(-462)). Calculate the greatest common divisor of 21 and j.
21
Let s be -61 + (-1 - -2 - -1). Let d = 34 + s. Let i be d/(-4) - 3/12. Calculate the highest common divisor of 54 and i.
6
Let p(w) = w**3 - 7*w**2 + 6*w. Let t be p(6). Suppose v - 6 - 10 = t. What is the greatest common factor of v and 32?
16
Suppose 4*l = 2*l + 6. What is the greatest common divisor of 27 and l?
3
Let w be 0*(-3)/(-6) + 6. Suppose 2*x - 90 = -3*x. What is the greatest common divisor of x and w?
6
Let r(x) = -x**3 + 84. Let k be r(0). Calculate the greatest common divisor of k and 56.
28
Suppose 276 = 25*b - 649. Calculate the greatest common factor of b and 333.
37
Suppose 0 = 4*s - 4*y + 16, 0 = -5*s + 4*y - 2 - 17. Let d = 1 - s. Suppose q = -5*h + 55, 50 = -4*q + 5*q + d*h. What is the highest common factor of q and 12?
6
Suppose -4 = 2*c - 12. Suppose 4 + 6 = 2*u, 4*u + 52 = c*p. What is the greatest common divisor of p and 2?
2
Let d(a) = 5*a + 22. Let w be d(10). Calculate the greatest common factor of 48 and w.
24
Let h(a) = 23*a**2 - a - 1. Let q be h(-1). Suppose 31 = 2*u - q. Calculate the greatest common factor of u and 243.
27
Let x(s) = -s**2 + 4*s - 1. Let j be x(7). Let l = 43 + j. Calculate the highest common divisor of l and 14.
7
Suppose 55 = 2*v - 0*v - 3*r, 2*r = 2*v - 58. Calculate the highest common factor of v and 224.
32
Suppose j = 48 - 0. Suppose 2*k + 4*i = 44, i = -2 + 7. Calculate the highest common divisor of j and k.
12
Suppose 4 = 4*n, 4*p + n - 322 = -n. What is the greatest common factor of 10 and p?
10
Suppose -3*w + 0*s + 4*s + 6 = 0, -9 = -3*s. Let n = 5 - -1. Suppose -5*o + 2 + n = 3*u, -5 = -2*o - 3*u. What is the highest common factor of w and o?
1
Suppose 2*x - 40 = 7*x. Let c = 7 - x. Let q be 10/3*108/c. What is the highest common factor of q and 3?
3
Let s(o) = o**3 - o**2 - o + 28. Let r be s(0). Suppose 18 = 3*b + n - 14, -2*n = 3*b - r. Calculate the greatest common factor of b and 3.
3
Let b(c) = -c**3 - c + 2. Let u be b(0). Let d be (-3)/(-12) + 796/16. Suppose -6*w - d = -11*w. Calculate the greatest common divisor of w and u.
2
Let l = 15 + -25. Let u = -20 - l. Let m be 6/10 - 294/u. Calculate the highest common factor of m and 45.
15
Suppose 22 = -0*i + 2*i. What is the highest common factor of i and 11?
11
Let c = -248 + 608. Suppose -2*u = -6*u + c. What is the highest common factor of 36 and u?
18
Let h = -8 + 13. Suppose -4*n = 3*w - 161, -2*w - 2*w - 2*n + 208 = 0. Let b = w - 11. What is the greatest common divisor of h and b?
5
Suppose -8 = -4*n, -6*n + 55 = 5*v - n. Let w(u) = u**2 - 6*u - 3. Let q be w(v). Calculate the greatest common divisor of q and 8.
8
Let f be (8/5)/(2/5). Suppose -f*m + 0*m = -48. Suppose 2 = -2*o + m. What is the greatest common divisor of o and 1?
1
Let w(k) = -6*k - 6. Let n be w(-3). Suppose 26*f + n = 27*f. Suppose 4*x - 5*i + 0*i = 144, 0 = 2*x - i - 72. Calculate the highest common factor of x and f.
12
Let x = 6 + -10. Let u be x/(-18) - 440/(-45). What is the greatest common divisor of u and 25?
5
Suppose o - 15 = -4*o. Suppose -4*h + 13 = -o*h. Calculate the highest common factor of 143 and h.
13
Let x = -113 + 129. What is the greatest common factor of x and 112?
16
Suppose 4*i + 2*g + 3*g = -26, -i - 3*g - 10 = 0. Let z = 4 - i. Calculate the highest common factor of z and 8.
8
Let a = -1 - -7. Let l be 25/3 + (-2)/a. Calculate the greatest common factor of l and 2.
2
Let o(h) = -h**3 - h**2 + h + 47. Let p be o(0). Suppose -2*b - 16 = 30. Let n = b + p. What is the highest common divisor of 3 and n?
3
Let d be (-2)/(-6)*150/1. What is the highest common divisor of d and 25?
25
Let b = -4 - -12. What is the highest common factor of b and 2?
2
Let r be (-2)/(-6) + 1287/27. Suppose 3*w - 2*o + 0*o = 34, -23 = -2*w + o. Calculate the highest common factor of w and r.
12
Let g be (-423)/(-21) - 4/28. Let y be (-4)/18 - (-141)/27. Suppose -y*f + 30 = -4*f. Calculate the highest common factor of g and f.
10
Let s(a) = a**3 + 8*a**2 + 3*a - 4. Let j be s(-7). Suppose -36 = -4*x + u, -u - 10 = -x + 2. What is the highest common divisor of j and x?
8
Suppose -3*q + 8 + 7 = 0. Suppose q = b - 0. Let z be -2 + 3 + 53 + 1. What is the highest common divisor of b and z?
5
Let g be 0/7 + (-1 - -9). Suppose 4*j - 2 = b + 8, 0 = 4*b + 5*j - 44. Let s = 10 - b. Calculate the greatest common divisor of g and s.
4
Suppose -5*n = -7*n + 32. Suppose 0 = -0*g + 3*g - 120. What is the greatest common factor of g and n?
8
Let p(w) = 2*w**3 - 3*w**2 + 4*w + 1. Let j be 2 + 3/6*2. Let m be p(j). Calculate the highest common factor of 5 and m.
5
Let f = -4 - -4. Suppose f = -0*h - 5*h + 15. Suppose -2*n = -i - 0*i + 13, -i - 2*n = h. What is the greatest common divisor of 40 and i?
5
Suppose 6 = 3*y - 6. Suppose -y*q - 50 = -9*q. Calculate the greatest common factor of 80 and q.
10
Let o(x) = x**3 - 7*x**2 + 8*x. Let j be o(6). Let k(u) = 2*u**2 - u - 4. Let w be k(-8). Calculate the greatest common divisor of w and j.
12
Suppose -2*v = l - 6*l + 88, 4*l - 75 = -3*v. What is the highest common factor of 12 and l?
6
Let w be ((-24)/(-15))/(4/10). Calculate the greatest common divisor of 4 and w.
4
Let x = 56 - 42. What is the greatest common factor of 1 and x?
1
Suppose 7*r - 80 = 2*r - v, 0 = 2*v. Let k = 27 - r. What is the greatest common divisor of 33 and k?
11
Let j(b) = -b**3 + 4*b**2 + 3*b - 8. Let k be j(4). Calculate the greatest common factor of 36 and k.
4
Let a be 3/(9/348) - 1. Let q = -45 + a. Calculate the greatest common factor of 10 and q.
10
Suppose -31*y - 192 = -35*y. What is the highest common factor of y and 16?
16
Let f = 17 - 7. Calculate the greatest common divisor of 25 and f.
5
Suppose 2*j = 293 - 83. What is the grea